{"id":2,"date":"2023-11-28T13:28:02","date_gmt":"2023-11-28T12:28:02","guid":{"rendered":"https:\/\/quadrivum.net\/LePLex\/?page_id=2"},"modified":"2025-01-21T08:10:25","modified_gmt":"2025-01-21T07:10:25","slug":"page-d-exemple","status":"publish","type":"page","link":"https:\/\/leplex.neomens.net\/index.php\/page-d-exemple\/","title":{"rendered":"Ancien site"},"content":{"rendered":"\n<p>L&rsquo;ancien site a \u00e9t\u00e9 cr\u00e9\u00e9 avec le CMS SPIP. Le changement d&rsquo;h\u00e9bergeur a initi\u00e9<strong> la conversion du site<\/strong> SPIP <strong>vers le CMS WordPress<\/strong> qui a remport\u00e9 la mise sur Joomla pour quelques menus d\u00e9tails. Le nouvel h\u00e9bergeur est <em><strong>Infomaniak<\/strong><\/em>, apr\u00e8s un petit tour par Planethoster sur lequel je n&rsquo;avais pas tout le confort et les possibilit\u00e9s que propose mon h\u00e9bergeur actuel.<\/p>\n\n\n\n<p>Les articles du site SPIP sont donc toujours en cours de transfert vers ce nouveau site. Cela permet, \u00e0 l&rsquo;occasion, certaines mises \u00e0 jour de vieux articles.<\/p>\n\n\n\n<p>Le transfert de la centaine d&rsquo;articles va prendre un certain temps. Les deux sites coexistent donc toujours en 2025.<\/p>\n\n\n\n<p><strong><span style=\"text-decoration: underline;\">Les deux adresses sont :<\/span><\/strong><\/p>\n\n\n\n<ul class=\"wp-block-list\">\n<li>le nouveau site en construction : <a href=\"https:\/\/leplex.neomens.net\">https:\/\/leplex.neomens.net<\/a><\/li>\n\n\n\n<li>l&rsquo;ancien site est toujours disponible, <mark style=\"background-color:rgba(0, 0, 0, 0)\" class=\"has-inline-color has-vivid-red-color\">mais ne re\u00e7oit plus de nouveaux articles <\/mark>: <a href=\"https:\/\/quadrivum.net\/spip\/\">https:\/\/leplex.neomens.net\/spip\/<\/a><\/li>\n\n\n\n<li>Le domaine <em>neomens.net<\/em> pointe depuis le 20 janvier 2024 vers le nouveau site.<\/li>\n<\/ul>\n\n\n\n<p><\/p>\n","protected":false},"excerpt":{"rendered":"<p>L&rsquo;ancien site a \u00e9t\u00e9 cr\u00e9\u00e9 avec le CMS SPIP. Le changement d&rsquo;h\u00e9bergeur a initi\u00e9 la conversion du site SPIP vers le CMS WordPress qui a &hellip; <\/p>\n","protected":false},"author":1,"featured_media":0,"parent":0,"menu_order":0,"comment_status":"closed","ping_status":"open","template":"","meta":{"footnotes":""},"class_list":["post-2","page","type-page","status-publish","hentry"],"_links":{"self":[{"href":"https:\/\/leplex.neomens.net\/index.php\/wp-json\/wp\/v2\/pages\/2","targetHints":{"allow":["GET"]}}],"collection":[{"href":"https:\/\/leplex.neomens.net\/index.php\/wp-json\/wp\/v2\/pages"}],"about":[{"href":"https:\/\/leplex.neomens.net\/index.php\/wp-json\/wp\/v2\/types\/page"}],"author":[{"embeddable":true,"href":"https:\/\/leplex.neomens.net\/index.php\/wp-json\/wp\/v2\/users\/1"}],"replies":[{"embeddable":true,"href":"https:\/\/leplex.neomens.net\/index.php\/wp-json\/wp\/v2\/comments?post=2"}],"version-history":[{"count":9,"href":"https:\/\/leplex.neomens.net\/index.php\/wp-json\/wp\/v2\/pages\/2\/revisions"}],"predecessor-version":[{"id":3434,"href":"https:\/\/leplex.neomens.net\/index.php\/wp-json\/wp\/v2\/pages\/2\/revisions\/3434"}],"wp:attachment":[{"href":"https:\/\/leplex.neomens.net\/index.php\/wp-json\/wp\/v2\/media?parent=2"}],"curies":[{"name":"wp","href":"https:\/\/api.w.org\/{rel}","templated":true}]}}